[INFO] cloning repository https://github.com/beneills/physics
[INFO] running `Command { std: "git" "-c" "credential.helper=" "-c" "credential.helper=/workspace/cargo-home/bin/git-credential-null" "clone" "--bare" "https://github.com/beneills/physics" "/workspace/cache/git-repos/https%3A%2F%2Fgithub.com%2Fbeneills%2Fphysics", kill_on_drop: false }`
[INFO] [stderr] Cloning into bare repository '/workspace/cache/git-repos/https%3A%2F%2Fgithub.com%2Fbeneills%2Fphysics'...
[INFO] running `Command { std: "git" "rev-parse" "HEAD", kill_on_drop: false }`
[INFO] [stdout] 217e5ab1518759571e0bcb7e128b0ce0f105fe89
[INFO] building beneills/physics against master#881c1ac408d93bb7adaa3a51dabab9266e82eee8 for issue-85264
[INFO] running `Command { std: "git" "clone" "/workspace/cache/git-repos/https%3A%2F%2Fgithub.com%2Fbeneills%2Fphysics" "/workspace/builds/worker-12/source", kill_on_drop: false }`
[INFO] [stderr] Cloning into '/workspace/builds/worker-12/source'...
[INFO] [stderr] done.
[INFO] validating manifest of git repo https://github.com/beneills/physics on toolchain 881c1ac408d93bb7adaa3a51dabab9266e82eee8
[INFO] running `Command { std: "/workspace/cargo-home/bin/cargo" "+881c1ac408d93bb7adaa3a51dabab9266e82eee8" "metadata" "--manifest-path" "Cargo.toml" "--no-deps", kill_on_drop: false }`
[INFO] started tweaking git repo https://github.com/beneills/physics
[INFO] finished tweaking git repo https://github.com/beneills/physics
[INFO] tweaked toml for git repo https://github.com/beneills/physics written to /workspace/builds/worker-12/source/Cargo.toml
[INFO] crate git repo https://github.com/beneills/physics already has a lockfile, it will not be regenerated
[INFO] running `Command { std: "/workspace/cargo-home/bin/cargo" "+881c1ac408d93bb7adaa3a51dabab9266e82eee8" "fetch" "--manifest-path" "Cargo.toml", kill_on_drop: false }`
[INFO] [stderr]  Downloading crates ...
[INFO] [stderr]   Downloaded rustc-serialize v0.3.15
[INFO] [stderr]   Downloaded freetype-rs v0.1.0
[INFO] [stderr]   Downloaded pkg-config v0.3.5
[INFO] [stderr]   Downloaded gfx v0.6.5
[INFO] [stderr]   Downloaded gfx_gl v0.1.4
[INFO] [stderr]   Downloaded gfx_device_gl v0.4.1
[INFO] [stderr]   Downloaded piston-float v0.1.0
[INFO] [stderr]   Downloaded byteorder v0.3.11
[INFO] [stderr]   Downloaded bitflags v0.2.1
[INFO] [stderr]   Downloaded draw_state v0.1.2
[INFO] [stderr]   Downloaded piston-gfx_texture v0.2.0
[INFO] [stderr]   Downloaded gl v0.0.12
[INFO] [stderr]   Downloaded piston-viewport v0.1.0
[INFO] [stderr]   Downloaded piston2d-graphics v0.4.1
[INFO] [stderr]   Downloaded android_glue v0.0.2
[INFO] [stderr]   Downloaded objc v0.1.5
[INFO] [stderr]   Downloaded user32-sys v0.1.1
[INFO] [stderr]   Downloaded kernel32-sys v0.1.2
[INFO] [stderr]   Downloaded wayland-client v0.2.0
[INFO] [stderr]   Downloaded gl_generator v0.0.26
[INFO] [stderr]   Downloaded xml-rs v0.1.25
[INFO] [stderr]   Downloaded gl_common v0.0.4
[INFO] [stderr]   Downloaded winapi v0.2.1
[INFO] [stderr]   Downloaded piston2d-gfx_graphics v0.4.0
[INFO] [stderr]   Downloaded piston-texture v0.2.2
[INFO] [stderr]   Downloaded vecmath v0.1.1
[INFO] [stderr]   Downloaded khronos_api v0.0.6
[INFO] [stderr]   Downloaded lazy_static v0.1.11
[INFO] [stderr]   Downloaded x11-dl v1.0.1
[INFO] [stderr]   Downloaded cocoa v0.1.2
[INFO] [stderr]   Downloaded gl_generator v0.0.27
[INFO] [stderr]   Downloaded core-graphics v0.1.0
[INFO] [stderr]   Downloaded shader_version v0.2.0
[INFO] [stderr]   Downloaded image v0.3.11
[INFO] [stderr]   Downloaded gleam v0.1.3
[INFO] [stderr]   Downloaded pistoncore-glutin_window v0.5.0
[INFO] [stderr]   Downloaded pistoncore-window v0.3.0
[INFO] [stderr]   Downloaded pistoncore-input v0.2.0
[INFO] [stderr]   Downloaded winapi-build v0.1.0
[INFO] [stderr]   Downloaded pistoncore-event v0.4.0
[INFO] [stderr]   Downloaded pistoncore-event_loop v0.4.0
[INFO] [stderr]   Downloaded num v0.1.25
[INFO] [stderr]   Downloaded glutin v0.2.3
[INFO] [stderr]   Downloaded piston v0.4.1
[INFO] [stderr]   Downloaded piston_window v0.8.1
[INFO] [stderr]   Downloaded libz-sys v0.1.6
[INFO] running `Command { std: "docker" "create" "-v" "/var/lib/crater-agent-workspace/builds/worker-12/target:/opt/rustwide/target:rw,Z" "-v" "/var/lib/crater-agent-workspace/builds/worker-12/source:/opt/rustwide/workdir:ro,Z" "-v" "/var/lib/crater-agent-workspace/cargo-home:/opt/rustwide/cargo-home:ro,Z" "-v" "/var/lib/crater-agent-workspace/rustup-home:/opt/rustwide/rustup-home:ro,Z" "-e" "SOURCE_DIR=/opt/rustwide/workdir" "-e" "CARGO_TARGET_DIR=/opt/rustwide/target" "-e" "CARGO_HOME=/opt/rustwide/cargo-home" "-e" "RUSTUP_HOME=/opt/rustwide/rustup-home" "-w" "/opt/rustwide/workdir" "-m" "1610612736" "--user" "0:0" "--network" "none" "ghcr.io/rust-lang/crates-build-env/linux@sha256:20528e8c29e4536546f0102ce88568b16ea7538393a33fcca951030f7af10457" "/opt/rustwide/cargo-home/bin/cargo" "+881c1ac408d93bb7adaa3a51dabab9266e82eee8" "metadata" "--no-deps" "--format-version=1", kill_on_drop: false }`
[INFO] [stdout] b027f10c16f6192ace9f80f94eda8bd176ab6c42ec3e8087b870f15654bd0e68
[INFO] [stderr] WARNING: Your kernel does not support swap limit capabilities or the cgroup is not mounted. Memory limited without swap.
[INFO] running `Command { std: "docker" "start" "-a" "b027f10c16f6192ace9f80f94eda8bd176ab6c42ec3e8087b870f15654bd0e68", kill_on_drop: false }`
[INFO] running `Command { std: "docker" "inspect" "b027f10c16f6192ace9f80f94eda8bd176ab6c42ec3e8087b870f15654bd0e68", kill_on_drop: false }`
[INFO] running `Command { std: "docker" "rm" "-f" "b027f10c16f6192ace9f80f94eda8bd176ab6c42ec3e8087b870f15654bd0e68", kill_on_drop: false }`
[INFO] [stdout] b027f10c16f6192ace9f80f94eda8bd176ab6c42ec3e8087b870f15654bd0e68
[INFO] running `Command { std: "docker" "create" "-v" "/var/lib/crater-agent-workspace/builds/worker-12/target:/opt/rustwide/target:rw,Z" "-v" "/var/lib/crater-agent-workspace/builds/worker-12/source:/opt/rustwide/workdir:ro,Z" "-v" "/var/lib/crater-agent-workspace/cargo-home:/opt/rustwide/cargo-home:ro,Z" "-v" "/var/lib/crater-agent-workspace/rustup-home:/opt/rustwide/rustup-home:ro,Z" "-e" "SOURCE_DIR=/opt/rustwide/workdir" "-e" "CARGO_TARGET_DIR=/opt/rustwide/target" "-e" "CARGO_INCREMENTAL=0" "-e" "RUST_BACKTRACE=full" "-e" "RUSTFLAGS=--cap-lints=forbid" "-e" "CARGO_HOME=/opt/rustwide/cargo-home" "-e" "RUSTUP_HOME=/opt/rustwide/rustup-home" "-w" "/opt/rustwide/workdir" "-m" "1610612736" "--user" "0:0" "--network" "none" "ghcr.io/rust-lang/crates-build-env/linux@sha256:20528e8c29e4536546f0102ce88568b16ea7538393a33fcca951030f7af10457" "/opt/rustwide/cargo-home/bin/cargo" "+881c1ac408d93bb7adaa3a51dabab9266e82eee8" "build" "--frozen" "--message-format=json", kill_on_drop: false }`
[INFO] [stderr] WARNING: Your kernel does not support swap limit capabilities or the cgroup is not mounted. Memory limited without swap.
[INFO] [stdout] f5076b7a312e9b06508c240cc25892390d92f57e2a269659b7874746c8526e4d
[INFO] running `Command { std: "docker" "start" "-a" "f5076b7a312e9b06508c240cc25892390d92f57e2a269659b7874746c8526e4d", kill_on_drop: false }`
[INFO] [stderr]    Compiling libc v0.1.8
[INFO] [stderr]    Compiling rustc-serialize v0.3.15
[INFO] [stderr]    Compiling piston-float v0.1.0
[INFO] [stderr]    Compiling bitflags v0.2.1
[INFO] [stderr]    Compiling lazy_static v0.1.11
[INFO] [stderr]    Compiling shader_version v0.2.0
[INFO] [stderr]    Compiling khronos_api v0.0.6
[INFO] [stderr]    Compiling color_quant v1.0.0
[INFO] [stderr]    Compiling khronos_api v0.0.5
[INFO] [stderr]    Compiling piston-texture v0.2.2
[INFO] [stderr]    Compiling byteorder v0.3.11
[INFO] [stderr]    Compiling interpolation v0.1.0
[INFO] [stderr]    Compiling read_color v0.1.0
[INFO] [stderr]    Compiling piston-shaders_graphics2d v0.1.0
[INFO] [stderr]    Compiling xml-rs v0.1.25
[INFO] [stderr]    Compiling libz-sys v0.1.6
[INFO] [stderr]    Compiling freetype-sys v0.1.2
[INFO] [stderr]    Compiling draw_state v0.1.2
[INFO] [stderr]    Compiling piston-viewport v0.1.0
[INFO] [stderr]    Compiling vecmath v0.1.1
[INFO] [stdout] error[E0642]: patterns aren't allowed in functions without bodies
[INFO] [stdout]    --> /opt/rustwide/cargo-home/registry/src/github.com-1ecc6299db9ec823/rustc-serialize-0.3.15/src/serialize.rs:145:45
[INFO] [stdout]     |
[INFO] [stdout] 145 | ...                   &f_name: &str,
[INFO] [stdout]     |                       ^^^^^^^ pattern not allowed in function without body
[INFO] [stdout] 
[INFO] [stdout] 
[INFO] [stdout] error[E0277]: the size for values of type `Self` cannot be known at compilation time
[INFO] [stdout]    --> /opt/rustwide/cargo-home/registry/src/github.com-1ecc6299db9ec823/piston-texture-0.2.2/src/lib.rs:91:10
[INFO] [stdout]     |
[INFO] [stdout] 91  |     ) -> Result<Self, Self::Error>;
[INFO] [stdout]     |          ^^^^^^^^^^^^^^^^^^^^^^^^^ doesn't have a size known at compile-time
[INFO] [stdout]     |
[INFO] [stdout] help: consider further restricting `Self`
[INFO] [stdout]     |
[INFO] [stdout] 91  |     ) -> Result<Self, Self::Error> where Self: Sized;
[INFO] [stdout]     |                                    ^^^^^^^^^^^^^^^^^
[INFO] [stdout] 
[INFO] [stdout] 
[INFO] [stdout] error: aborting due to previous error
[INFO] [stdout] 
[INFO] [stdout] 
[INFO] [stdout] For more information about this error, try `rustc --explain E0277`.
[INFO] [stdout] 
[INFO] [stderr] error: could not compile `piston-texture`
[INFO] [stderr] 
[INFO] [stderr] To learn more, run the command again with --verbose.
[INFO] [stderr] warning: build failed, waiting for other jobs to finish...
[INFO] [stdout] error[E0277]: the size for values of type `Self` cannot be known at compilation time
[INFO] [stdout]   --> /opt/rustwide/cargo-home/registry/src/github.com-1ecc6299db9ec823/shader_version-0.2.0/src/lib.rs:37:50
[INFO] [stdout]    |
[INFO] [stdout] 14 | pub struct Shaders<'a, V, S: 'a + ?Sized>(BTreeMap<V, &'a S>);
[INFO] [stdout]    |                        - required by this bound in `Shaders`
[INFO] [stdout] ...
[INFO] [stdout] 37 |     fn pick_shader<'a, S: ?Sized>(self, shaders: &Shaders<'a, Self, S>) -> Option<&'a S>;
[INFO] [stdout]    |                                                  ^^^^^^^^^^^^^^^^^^^^^ doesn't have a size known at compile-time
[INFO] [stdout]    |
[INFO] [stdout] help: consider further restricting `Self`
[INFO] [stdout]    |
[INFO] [stdout] 37 |     fn pick_shader<'a, S: ?Sized>(self, shaders: &Shaders<'a, Self, S>) -> Option<&'a S> where Self: Sized;
[INFO] [stdout]    |                                                                                          ^^^^^^^^^^^^^^^^^
[INFO] [stdout] help: consider relaxing the implicit `Sized` restriction
[INFO] [stdout]    |
[INFO] [stdout] 14 | pub struct Shaders<'a, V: ?Sized, S: 'a + ?Sized>(BTreeMap<V, &'a S>);
[INFO] [stdout]    |                         ^^^^^^^^
[INFO] [stdout] 
[INFO] [stdout] 
[INFO] [stdout] error: aborting due to previous error
[INFO] [stdout] 
[INFO] [stdout] 
[INFO] [stdout] For more information about this error, try `rustc --explain E0277`.
[INFO] [stdout] 
[INFO] [stdout] error[E0277]: the size for values of type `Self` cannot be known at compilation time
[INFO] [stdout]   --> /opt/rustwide/cargo-home/registry/src/github.com-1ecc6299db9ec823/xml-rs-0.1.25/src/util.rs:15:33
[INFO] [stdout]    |
[INFO] [stdout] 15 |     fn cloned_pairwise(self) -> ClonedPairwise<Self>;
[INFO] [stdout]    |                                 ^^^^^^^^^^^^^^^^^^^^ doesn't have a size known at compile-time
[INFO] [stdout] ...
[INFO] [stdout] 27 | pub struct ClonedPairwise<I>(I);
[INFO] [stdout]    |                           - required by this bound in `ClonedPairwise`
[INFO] [stdout]    |
[INFO] [stdout] help: you could relax the implicit `Sized` bound on `I` if it were used through indirection like `&I` or `Box<I>`
[INFO] [stdout]   --> /opt/rustwide/cargo-home/registry/src/github.com-1ecc6299db9ec823/xml-rs-0.1.25/src/util.rs:27:27
[INFO] [stdout]    |
[INFO] [stdout] 27 | pub struct ClonedPairwise<I>(I);
[INFO] [stdout]    |                           ^  - ...if indirection were used here: `Box<I>`
[INFO] [stdout]    |                           |
[INFO] [stdout]    |                           this could be changed to `I: ?Sized`...
[INFO] [stdout] help: consider further restricting `Self`
[INFO] [stdout]    |
[INFO] [stdout] 15 |     fn cloned_pairwise(self) -> ClonedPairwise<Self> where Self: Sized;
[INFO] [stdout]    |                                                      ^^^^^^^^^^^^^^^^^
[INFO] [stdout] 
[INFO] [stdout] 
[INFO] [stdout] error: aborting due to previous error
[INFO] [stdout] 
[INFO] [stdout] 
[INFO] [stdout] For more information about this error, try `rustc --explain E0277`.
[INFO] [stdout] 
[INFO] [stdout] error[E0277]: the size for values of type `Self` cannot be known at compilation time
[INFO] [stdout]    --> /opt/rustwide/cargo-home/registry/src/github.com-1ecc6299db9ec823/rustc-serialize-0.3.15/src/serialize.rs:201:41
[INFO] [stdout]     |
[INFO] [stdout] 201 |     fn decode<D: Decoder>(d: &mut D) -> Result<Self, D::Error>;
[INFO] [stdout]     |                                         ^^^^^^^^^^^^^^^^^^^^^^ doesn't have a size known at compile-time
[INFO] [stdout]     |
[INFO] [stdout] help: consider further restricting `Self`
[INFO] [stdout]     |
[INFO] [stdout] 201 |     fn decode<D: Decoder>(d: &mut D) -> Result<Self, D::Error> where Self: Sized;
[INFO] [stdout]     |                                                                ^^^^^^^^^^^^^^^^^
[INFO] [stdout] 
[INFO] [stdout] 
[INFO] [stdout] error: aborting due to 2 previous errors
[INFO] [stdout] 
[INFO] [stdout] 
[INFO] [stdout] Some errors have detailed explanations: E0277, E0642.
[INFO] [stdout] 
[INFO] [stdout] For more information about an error, try `rustc --explain E0277`.
[INFO] [stdout] 
[INFO] [stderr] error: build failed
[INFO] running `Command { std: "docker" "inspect" "f5076b7a312e9b06508c240cc25892390d92f57e2a269659b7874746c8526e4d", kill_on_drop: false }`
[INFO] running `Command { std: "docker" "rm" "-f" "f5076b7a312e9b06508c240cc25892390d92f57e2a269659b7874746c8526e4d", kill_on_drop: false }`
[INFO] [stdout] f5076b7a312e9b06508c240cc25892390d92f57e2a269659b7874746c8526e4d
